to base 6
-1443321
-1a7081 (base 11) to base 8
-1152703
333872 (base 16) to base 2
1100110011100001110010
136d77 (base 16) to base 3
2101200111211
-15802 (base 12) to base 10
-30530
Convert -222122122 (base 4) to base 16.
-2a69a
Convert 215017 (base 9) to base 15.
2804a
4552529 (base 10) to base 7
53460452
-35098 (base 10) to base 15
-a5ed
Convert 8940e (base 15) to base 6.
13203505
-35554201 (base 6) to base 3
-2002212111201
What is -11020001201220 (base 3) in base 4?
-20210020020
1342232 (base 5) to base 10
27817
What is -a8abe (base 16) in base 3?
-1022002201002
10866 (base 14) to base 4
21302022
-410544350 (base 6) to base 11
-3a80951
2120106 (base 7) to base 4
332233002
10220211100111 (base 3) to base 4
13330203001
22201002000222 (base 3) to base 4
101221220231
-101001110100110010 (base 2) to base 14
-4660a
25360502 (base 7) to base 16
2319f5
Convert 15a14a7 (base 11) to base 16.
299526
2349 (base 14) to base 16
17fd
What is 4041 (base 16) in base 8?
40101
What is 1002000200110 (base 3) in base 4?
2023132221
-10103231 (base 4) to base 3
-220012112
What is -258621 (base 10) in base 15?
-51966
-584514 (base 9) to base 5
-42213232
Convert -13030110223 (base 4) to base 10.
-1885483
What is 14511124 (base 6) in base 14?
d2aa8
Convert -34116 (base 15) to base 10.
-165621
What is -2068 (base 11) in base 5?
-41421
-927452 (base 10) to base 5
-214134302
What is a5270 (base 12) in base 5?
23410442
Convert -81645 (base 11) to base 9.
-201502
-22431144 (base 6) to base 8
-2500510
What is -666532 (base 11) in base 3?
-1222222212011
52520003 (base 6) to base 8
5665003
-120020120002 (base 3) to base 4
-1021033322
What is 4842c (base 13) in base 15?
29409
What is 18221a6 (base 11) in base 6?
150135302
Convert -6464056 (base 7) to base 16.
-c09cd
-103121321 (base 4) to base 5
-10020411
Convert 26564533 (base 9) to base 7.
216166455
Convert -151211 (base 10) to base 6.
-3124015
1521524 (base 7) to base 16
328f4
24112330 (base 5) to base 8
663170
What is 2313a6 (base 11) in base 4?
1121303123
-14163116 (base 9) to base 14
-d06659
-b188 (base 13) to base 7
-131164
What is -5351020 (base 6) in base 10?
-263316
Convert -1435368 (base 15) to base 6.
-1240513412
100000111010111010 (base 2) to base 12
6604a
Convert 3125351 (base 8) to base 5.
203031220
-738566 (base 9) to base 16
-6b41b
Convert -40025305 (base 6) to base 13.
-304514
What is -124412101 (base 6) in base 10?
-2458981
-10022306 (base 7) to base 13
-230555
Convert -16354560 (base 8) to base 4.
-32131211300
What is 249a7 (base 16) in base 7?
1163051
What is 111665661 (base 7) in base 10?
6823293
Convert -21331221 (base 4) to base 7.
-226656
Convert 251ba5 (base 13) to base 15.
1288a7
35759 (base 15) to base 2
101001100110101001
What is 413949 (base 10) in base 16?
650fd
What is -613402 (base 8) in base 13?
-7122a
Convert -182032 (base 16) to base 3.
-2222022212111
Convert -4a0560 (base 12) to base 15.
-18b8c0
Convert -2983670 (base 13) to base 14.
-1a85d4b
-185168 (base 15) to base 4
-10200132011
What is -2141243 (base 6) in base 16?
-1a05b
Convert 9971c2 (base 13) to base 8.
15623270
2232323022 (base 5) to base 7
60123463
Convert -90616 (base 10) to base 9.
-147264
Convert a827a9 (base 11) to base 14.
330cdc
Convert ed28 (base 15) to base 8.
142045
26b412 (base 16) to base 4
21223100102
Convert -303403 (base 5) to base 7.
-40504
Convert 11351513 (base 6) to base 5.
42404210
What is 1321721 (base 8) in base 10?
369617
-242343203 (base 5) to base 13
-30a87b
-1443321 (base 6) to base 13
-2c146
Convert 6612233 (base 7) to base 3.
1112011000222
What is 34112033 (base 5) in base 8?
1113535
231561 (base 7) to base 9
62763
What is 1054225 (base 8) in base 15?
595d1
Convert -96dc (base 15) to base 8.
-76274
What is -1230330223 (base 4) in base 11?
-285303
What is a1bb3 (base 12) in base 3?
101201011200
What is -1010100010021 (base 3) in base 10?
-597139
-340331231 (base 5) to base 6
-52021024
Convert 2213320303 (base 4) to base 2.
10100111111000110011
What is 264010023 (base 7) in base 16?
1028b02
What is 7105a (base 12) in base 7?
1151266
36b5a (base 14) to base 6
2512044
What is 22198d0 (base 14) in base 3?
1010111000122112
184083 (base 12) to base 13
119c5b
10010011011000011001001 (base 2) to base 15
655de0
What is 167033 (base 11) in base 9?
433224
-139 (base 14) to base 4
-3313
Convert -2410323144 (base 5) to base 2.
-10101001100111010100100
What is 500161 (base 7) in base 13?
2c3a4
17732aa (base 11) to base 2
1011011101110101000000
10010101000000110111 (base 2) to base 13
184a79
Convert 131522354 (base 6) to base 9.
4814607
-2301100100 (base 4) to base 2
-10110001010000010000
-101a894 (base 11) to base 12
-72a007
-402033 (base 7) to base 13
-24c00
Convert -1100020002212101 (base 3) to base 10.
-19252063
What is 533070 (base 8) in base 4?
223120320
Convert 1b22a3 (base 14) to base 13.
27ab63
What is 132bb9 (base 16) in base 15?
19c3d7
Convert -57b1a (base 13) to base 14.
-42494
Convert -53621a (base 14) to base 5.
-1210234443
What is -171520 (base 8) in base 6?
-1200212
111101001100001000 (base 2) to base 5
31010012
What is -2358388 (base 9) in base 10?
-1278989
Convert 98aa69 (base 13) to base 9.
6676771
-278034a (base 11) to base 8
-22207470
277378 (base 10) to base 3
112002111021
What is -815218 (base 10) in base 13?
-2270a1
What is 155453241 (base 6) in base 16?
332179
What is 124622 (base 8) in base 4?
22212102
What is -101101001001110011110 (base 2) in base 12?
-5b42a6
-3f997 (base 16) to base 8
-774627
237587 (base 9) to base 2
100011000000001000
What is 2032000 (base 6) in base 3?
11221221000
What is -8603559 (base 10) in base 3?
-121012002212100
What is 74ed3 (base 16) in base 8?
1647323
What is -5e30b8 (base 15) in base 10?
-4515923
-40d04 (base 14) to base 3
-21221021210
Convert 46b1046 (base 12) to base 15.
12ee656
What is 2182 (base 11) in base 10?
2873
-7337762 (base 9) to base 10
-3922643
What is 12b56 (base 13) in base 5?
2104020
Convert -32042231 (base 6) to base 14.
-1a61d1
Convert -d4b30 (base 14) to base 6.
-14553022
Convert -4015324 (base 6) to base 9.
-317377
What is -111221111 (base 6) in base 13?
-55b6c4
What is 22043103 (base 5) in base 14?
4d563
Convert 2047a1 (base 15) to base 8.
5664030
Convert 1435202 (base 6) to base 14.
22266
What is 1a207c (base 13) in base 8?
2413630
Convert -10a62 (base 12) to base 14.
-8174
11411341 (base 5) to base 7
624143
Convert -12112414 (base 5) to base 9.
-182603
Convert 100011110010010110011111 (base 2) to base 11.
5328326
Convert 2230233234 (base 5) to base 16.
4b3b8c
248145 (base 9) to base 15
2e7eb
Convert 2561455 (base 7) to base 15.
690cd
Convert 14351241 (base 7) to base 10.
1357035
Convert 100011222 (base 4) to base 11.
45568
Convert 985662 (base 11) to base 4.
12000102110
110010110100011111100110 (base 2) to base 16
cb47e6
Convert 1b5b21 (base 14) to base 5.
222220210
Convert -2006c5 (base 14) to base 9.
-2021323
Convert -220002540 (base 6) to base 9.
-7333776
Convert -138bb (base 13) to base 10.
-36658
432752 (base 9) to base 6
5310115
Convert -c24a (base 16) to base 11.
-34407
Convert -1025455340 (base 6) to base 4.
-221213133030
-1923780 (base 10) to base 5
-443030110
Convert -1153115 (base 6) to base 5.
-3432412
What is 508234 (base 9) in base 6?
10242434
Convert 220000111020000 (base 3) to base 13.
284bac4
-8b79 (base 13) to base 8
-46117
Convert -101111001011011010 (base 2) to base 16.
-2f2da
-2100331241 (base 5) to base 11
-24829a6
404551 (base 8) to base 13
489aa
Convert 404112 (base 6) to base 13.
11756
Convert 100010100111111101010 (base 2) to base 9.
2118303
18954 (base 13) to base 7
256101
Convert -1446143 (base 7) to base 11.
-1247a5
What is -1922b0 (base 12) in base 7?
-3506565
14276467 (base 8) to base 2
1100010111110100110111
Convert 120c76 (base 14) to base 15.
c2cac
What is -1457aa (base 12) in base 2?
-1010011011000110010
1818e0 (base 16) to base 6
53503132
What is 3320234241 (base 5) in base 9?
14477283
What is 1116662 (base 7) in base 8?
417765
Convert -3952063 (base 10) to base 13.
-a84acb
1b54a4 (base 12) to base 13
140443
What is 13534490 (base 10) in base 2?
110011101000010100011010
What is -1131252 (base 9) in base 7?
-5123444
-117f94 (base 16) to base 3
-2011021002001
230014545 (base 6) to base 5
2033421114